{"id":8,"date":"2025-04-07T14:11:27","date_gmt":"2025-04-07T14:11:27","guid":{"rendered":"https:\/\/meditempus.duplotest.com\/web\/index.php\/aviso-legal\/"},"modified":"2025-09-23T11:53:45","modified_gmt":"2025-09-23T11:53:45","slug":"aviso-legal","status":"publish","type":"page","link":"https:\/\/meditempus.duplotest.com\/web\/aviso-legal\/","title":{"rendered":"Aviso Legal"},"content":{"rendered":"<h2>Titular de la web<\/h2>\n<p><span style=\"font-weight: 400;\">En cumplimiento con el deber de informaci\u00f3n dispuesto en la Ley 34\/2002 de Servicios de la Sociedad de la Informaci\u00f3n y el Comercio Electr\u00f3nico (LSSI-CE) de 11 de julio, se facilitan a continuaci\u00f3n los siguientes datos de informaci\u00f3n general de este sitio web:<\/span><\/p>\n<p><span style=\"font-weight: 400;\">La titularidad de este sitio web, <\/span><a href=\"https:\/\/www.meditempus.com\/\"><span style=\"font-weight: 400;\">https:\/\/www.meditempus.com<\/span><\/a><span style=\"font-weight: 400;\"> (en adelante, Sitio Web) la ostenta MEDITEMPUS ETT, S.A., con domicilio en c\/ Valencia, 245, 5\u00ba 3\u00aa (08007 &#8211; Barcelona), n\u00famero de C.I.F.: A-60971108, inscrita en el Registro Mercantil de Barcelona, Hoja B-141701, Tomo 35680, Folio 127.<\/span><\/p>\n<p><span style=\"font-weight: 400;\">Datos de contacto:<\/span><\/p>\n<p><span style=\"font-weight: 400;\">Direcci\u00f3n:\u00a0 c\/ Valencia, 245, 5\u00ba 3\u00aa (08007 &#8211; Barcelona)<\/span><\/p>\n<p><span style=\"font-weight: 400;\">Email de contacto: \u00a0 <\/span><a href=\"mailto:info@meditempus.com\"><span style=\"font-weight: 400;\">info@meditempus.com<\/span><\/a><\/p>\n<p>&nbsp;<\/p>\n<h2>Usuarios<\/h2>\n<p><span style=\"font-weight: 400;\">Se informa al usuario de la presente web que el acceso a la misma supone la aceptaci\u00f3n plena y sin reservas de todas y cada una de las condiciones incluidas en el presente aviso legal, siendo igualmente de aplicaci\u00f3n y seg\u00fan el caso, la correspondiente normativa legal de obligado cumplimiento.<\/span><\/p>\n<p><span style=\"font-weight: 400;\">El usuario asume su responsabilidad para realizar un uso correcto del sitio web. Esta responsabilidad se extender\u00e1 a:<\/span><\/p>\n<ul>\n<li style=\"font-weight: 400;\" aria-level=\"1\"><span style=\"font-weight: 400;\">El usuario de la web se compromete a la utilizaci\u00f3n del sitio web de conformidad con lo dispuesto en la Ley y el presente Aviso Legal, seg\u00fan las buenas costumbres y el orden p\u00fablico.<\/span><\/li>\n<li style=\"font-weight: 400;\" aria-level=\"1\"><span style=\"font-weight: 400;\">El USUARIO asume la responsabilidad del uso del portal. Dicha responsabilidad se extiende al registro que fuese necesario para acceder a determinados servicios o contenidos. El USUARIO se compromete a hacer un uso adecuado de los contenidos y servicios que MEDITEMPUS ETT, S.A. pueda ofrecer a trav\u00e9s de su portal y con car\u00e1cter enunciativo pero no limitativo, a no emplearlos para (i) incurrir en actividades il\u00edcitas, ilegales o contrarias a la buena fe y al orden p\u00fablico; (ii) difundir contenidos o propaganda de car\u00e1cter racista, xen\u00f3fobo, pornogr\u00e1fico-ilegal, de apolog\u00eda del terrorismo o atentatorio contra los derechos humanos; (iii) provocar da\u00f1os en los sistemas f\u00edsicos y l\u00f3gicos de MEDITEMPUS ETT, S.A. de sus proveedores o de terceras personas, introducir o difundir en la red virus inform\u00e1ticos o cualesquiera otros sistemas f\u00edsicos o l\u00f3gicos que sean susceptibles de provocar los da\u00f1os anteriormente mencionados; (iv) intentar acceder y, en su caso, utilizar las cuentas de correo electr\u00f3nico de otros usuarios y modificar o manipular sus mensajes.<\/span><\/li>\n<\/ul>\n<p><span style=\"font-weight: 400;\">En cualquier caso, MEDITEMPUS ETT, S.A. no ser\u00e1 responsable de las opiniones vertidas por los usuarios a trav\u00e9s de comentarios u otras herramientas de blogging o de participaci\u00f3n que pueda haber.<\/span><\/p>\n<p><span style=\"font-weight: 400;\">El mero acceso a este sitio web no supone entablar ning\u00fan tipo de relaci\u00f3n de car\u00e1cter comercial entre MEDITEMPUS ETT, S.A. y el usuario.<\/span><\/p>\n<p><span style=\"font-weight: 400;\">El usuario declara ser mayor de edad y disponer de la capacidad jur\u00eddica suficiente para vincularse por las presentes condiciones. Por lo tanto, este sitio web no se dirige a menores de edad. MEDITEMPUS ETT, S.A. declina cualquier responsabilidad por el incumplimiento de este requisito.<\/span><\/p>\n<p><span style=\"font-weight: 400;\">La responsabilidad derivada del mal uso realizado sobre los contenidos de la presente web recaer\u00e1 \u00fanica y exclusivamente sobre el Usuario que acceda a ellos, quedando MEDITEMPUS ETT, S.A. exonerado de cualquier tipo de responsabilidad al respecto.\u00a0<\/span><\/p>\n<p><span style=\"font-weight: 400;\">Exclusi\u00f3n de garant\u00edas y responsabilidad<\/span><\/p>\n<p><span style=\"font-weight: 400;\">MEDITEMPUS ETT, S.A. no se hace responsable, en ning\u00fan caso, de los da\u00f1os y perjuicios de cualquier naturaleza que pudieran ocasionar, a t\u00edtulo enunciativo: errores u omisiones en los contenidos, falta de disponibilidad del portal o la transmisi\u00f3n de virus o programas maliciosos o lesivos en los contenidos, a pesar de haber adoptado todas las medidas tecnol\u00f3gicas necesarias para evitarlo.<\/span><\/p>\n<p><span style=\"font-weight: 400;\">\u00a0<\/span><\/p>\n<h2>Enlaces<\/h2>\n<p><span style=\"font-weight: 400;\">En el caso de que en EL Sitio Web se dispusiesen enlaces o hiperv\u00ednculos hac\u00eda otros sitios de Internet, MEDITEMPUS ETT, S.A. no ejercer\u00e1 ning\u00fan tipo de control sobre dichos sitios y contenidos. En ning\u00fan caso MEDITEMPUS ETT, S.A. asumir\u00e1 responsabilidad alguna por los contenidos de alg\u00fan enlace perteneciente a un sitio web ajeno, ni garantizar\u00e1 la disponibilidad t\u00e9cnica, calidad, fiabilidad, exactitud, amplitud, veracidad, validez y constitucionalidad de cualquier material o informaci\u00f3n contenida en ninguno de dichos hiperv\u00ednculos u otros sitios de Internet. Igualmente, la inclusi\u00f3n de estas conexiones externas no implicar\u00e1 ning\u00fan tipo de asociaci\u00f3n, fusi\u00f3n o participaci\u00f3n con las entidades conectadas.<\/span><\/p>\n<p><span style=\"font-weight: 400;\">\u00a0<\/span><\/p>\n<h2>Propiedad intelectual e industrial<\/h2>\n<p><span style=\"font-weight: 400;\">MEDITEMPUS ETT, S.A. por s\u00ed o como cesionaria, es titular de todos los derechos de propiedad intelectual e industrial de su p\u00e1gina web, as\u00ed como de los elementos contenidos en la misma (a t\u00edtulo enunciativo, im\u00e1genes, sonido, audio, v\u00eddeo, software o textos; marcas o logotipos, combinaciones de colores, estructura y dise\u00f1o, selecci\u00f3n de materiales usados, programas de ordenador necesarios para su funcionamiento, acceso y uso, etc.). Quedan expresamente prohibidas la reproducci\u00f3n, la distribuci\u00f3n y la comunicaci\u00f3n p\u00fablica, incluida su modalidad de puesta a disposici\u00f3n, de la totalidad o parte de los contenidos de esta p\u00e1gina web, con fines comerciales, en cualquier soporte y por cualquier medio t\u00e9cnico, sin la autorizaci\u00f3n de MEDITEMPUS ETT, S.A. El USUARIO se compromete a respetar los derechos de Propiedad Intelectual e Industrial titularidad de MEDITEMPUS ETT, S.A. Podr\u00e1 visualizar los elementos del portal e incluso imprimirlos, copiarlos y almacenarlos en el disco duro de su ordenador o en cualquier otro soporte f\u00edsico siempre y cuando sea, \u00fanica y exclusivamente, para su uso personal y privado. El USUARIO deber\u00e1 abstenerse de suprimir, alterar, eludir o manipular cualquier dispositivo de protecci\u00f3n o sistema de seguridad que estuviera instalado en las p\u00e1ginas de MEDITEMPUS ETT, S.A.<\/span><\/p>\n<p><span style=\"font-weight: 400;\">\u00a0<\/span><\/p>\n<h2>Modificaci\u00f3n de las presentes condiciones<\/h2>\n<p><span style=\"font-weight: 400;\">MEDITEMPUS ETT, S.A. podr\u00e1 modificar en cualquier momento las condiciones aqu\u00ed determinadas, siendo debidamente publicadas como aqu\u00ed aparecen. La vigencia de las citadas condiciones ir\u00e1 en funci\u00f3n de su exposici\u00f3n y estar\u00e1n vigentes hasta que sean modificadas por otras debidamente publicadas.<\/span><\/p>\n<p><span style=\"font-weight: 400;\">\u00a0<\/span><\/p>\n<h2>Legislaci\u00f3n aplicable<\/h2>\n<p><span style=\"font-weight: 400;\">MEDITEMPUS ETT, S.A. se reserva la facultad de presentar las acciones civiles o penales que considere necesarias por la utilizaci\u00f3n indebida del sitio web y contenidos, o por el incumplimiento de las presentes condiciones.<\/span><\/p>\n<p><span style=\"font-weight: 400;\">La relaci\u00f3n entre el usuario y MEDITEMPUS ETT, S.A. se regir\u00e1 por la normativa vigente y de aplicaci\u00f3n en el territorio espa\u00f1ol. De surgir cualquier controversia en relaci\u00f3n a la interpretaci\u00f3n y\/o a la aplicaci\u00f3n de estas condiciones, las partes someter\u00e1n sus conflictos a la jurisdicci\u00f3n ordinaria, someti\u00e9ndose a los jueces y tribunales que correspondan conforme a derecho.\u00a0<\/span><\/p>\n","protected":false},"excerpt":{"rendered":"<p>Titular de la web En cumplimiento con el deber de informaci\u00f3n dispuesto en la Ley 34\/2002 de Servicios de la Sociedad de la Informaci\u00f3n y el Comercio Electr\u00f3nico (LSSI-CE) de 11 de julio, se facilitan a continuaci\u00f3n los siguientes datos de informaci\u00f3n general de este sitio web: La titularidad de este sitio web, https:\/\/www.meditempus.com (en [&hellip;]<\/p>\n","protected":false},"author":3,"featured_media":361,"parent":0,"menu_order":1000,"comment_status":"closed","ping_status":"closed","template":"","meta":{"footnotes":""},"class_list":["post-8","page","type-page","status-publish","has-post-thumbnail","hentry"],"yoast_head":"<!-- This site is optimized with the Yoast SEO plugin v26.8 - https:\/\/yoast.com\/product\/yoast-seo-wordpress\/ -->\n<title>Aviso Legal - Meditempus<\/title>\n<meta name=\"description\" content=\"Consulta nuestro Aviso Legal para conocer la informaci\u00f3n sobre titularidad, condiciones de uso y responsabilidades de la p\u00e1gina web.\" \/>\n<meta name=\"robots\" content=\"noindex, follow, max-snippet:-1, max-image-preview:large, max-video-preview:-1\" \/>\n<meta property=\"og:locale\" content=\"es_ES\" \/>\n<meta property=\"og:type\" content=\"article\" \/>\n<meta property=\"og:title\" content=\"Aviso Legal - Meditempus\" \/>\n<meta property=\"og:description\" content=\"Consulta nuestro Aviso Legal para conocer la informaci\u00f3n sobre titularidad, condiciones de uso y responsabilidades de la p\u00e1gina web.\" \/>\n<meta property=\"og:url\" content=\"https:\/\/meditempus.duplotest.com\/web\/aviso-legal\/\" \/>\n<meta property=\"og:site_name\" content=\"Meditempus\" \/>\n<meta property=\"article:modified_time\" content=\"2025-09-23T11:53:45+00:00\" \/>\n<meta property=\"og:image\" content=\"https:\/\/meditempus.duplotest.com\/web\/wp-content\/uploads\/2025\/09\/Meditempus-07-e1758628420744.jpg\" \/>\n\t<meta property=\"og:image:width\" content=\"3000\" \/>\n\t<meta property=\"og:image:height\" content=\"1005\" \/>\n\t<meta property=\"og:image:type\" content=\"image\/jpeg\" \/>\n<meta name=\"twitter:card\" content=\"summary_large_image\" \/>\n<meta name=\"twitter:label1\" content=\"Tiempo de lectura\" \/>\n\t<meta name=\"twitter:data1\" content=\"5 minutos\" \/>\n<script type=\"application\/ld+json\" class=\"yoast-schema-graph\">{\"@context\":\"https:\/\/schema.org\",\"@graph\":[{\"@type\":\"WebPage\",\"@id\":\"https:\/\/meditempus.duplotest.com\/web\/aviso-legal\/\",\"url\":\"https:\/\/meditempus.duplotest.com\/web\/aviso-legal\/\",\"name\":\"Aviso Legal - Meditempus\",\"isPartOf\":{\"@id\":\"https:\/\/meditempus.duplotest.com\/web\/#website\"},\"primaryImageOfPage\":{\"@id\":\"https:\/\/meditempus.duplotest.com\/web\/aviso-legal\/#primaryimage\"},\"image\":{\"@id\":\"https:\/\/meditempus.duplotest.com\/web\/aviso-legal\/#primaryimage\"},\"thumbnailUrl\":\"https:\/\/meditempus.duplotest.com\/web\/wp-content\/uploads\/2025\/09\/Meditempus-07-e1758628420744.jpg\",\"datePublished\":\"2025-04-07T14:11:27+00:00\",\"dateModified\":\"2025-09-23T11:53:45+00:00\",\"description\":\"Consulta nuestro Aviso Legal para conocer la informaci\u00f3n sobre titularidad, condiciones de uso y responsabilidades de la p\u00e1gina web.\",\"breadcrumb\":{\"@id\":\"https:\/\/meditempus.duplotest.com\/web\/aviso-legal\/#breadcrumb\"},\"inLanguage\":\"es\",\"potentialAction\":[{\"@type\":\"ReadAction\",\"target\":[\"https:\/\/meditempus.duplotest.com\/web\/aviso-legal\/\"]}]},{\"@type\":\"ImageObject\",\"inLanguage\":\"es\",\"@id\":\"https:\/\/meditempus.duplotest.com\/web\/aviso-legal\/#primaryimage\",\"url\":\"https:\/\/meditempus.duplotest.com\/web\/wp-content\/uploads\/2025\/09\/Meditempus-07-e1758628420744.jpg\",\"contentUrl\":\"https:\/\/meditempus.duplotest.com\/web\/wp-content\/uploads\/2025\/09\/Meditempus-07-e1758628420744.jpg\",\"width\":3000,\"height\":1005},{\"@type\":\"BreadcrumbList\",\"@id\":\"https:\/\/meditempus.duplotest.com\/web\/aviso-legal\/#breadcrumb\",\"itemListElement\":[{\"@type\":\"ListItem\",\"position\":1,\"name\":\"Home\",\"item\":\"https:\/\/meditempus.duplotest.com\/web\/\"},{\"@type\":\"ListItem\",\"position\":2,\"name\":\"Aviso Legal\"}]},{\"@type\":\"WebSite\",\"@id\":\"https:\/\/meditempus.duplotest.com\/web\/#website\",\"url\":\"https:\/\/meditempus.duplotest.com\/web\/\",\"name\":\"Meditempus\",\"description\":\"En Meditempus unimos personas, talento y futuro\",\"potentialAction\":[{\"@type\":\"SearchAction\",\"target\":{\"@type\":\"EntryPoint\",\"urlTemplate\":\"https:\/\/meditempus.duplotest.com\/web\/?s={search_term_string}\"},\"query-input\":{\"@type\":\"PropertyValueSpecification\",\"valueRequired\":true,\"valueName\":\"search_term_string\"}}],\"inLanguage\":\"es\"}]}<\/script>\n<!-- \/ Yoast SEO plugin. -->","yoast_head_json":{"title":"Aviso Legal - Meditempus","description":"Consulta nuestro Aviso Legal para conocer la informaci\u00f3n sobre titularidad, condiciones de uso y responsabilidades de la p\u00e1gina web.","robots":{"index":"noindex","follow":"follow","max-snippet":"max-snippet:-1","max-image-preview":"max-image-preview:large","max-video-preview":"max-video-preview:-1"},"og_locale":"es_ES","og_type":"article","og_title":"Aviso Legal - Meditempus","og_description":"Consulta nuestro Aviso Legal para conocer la informaci\u00f3n sobre titularidad, condiciones de uso y responsabilidades de la p\u00e1gina web.","og_url":"https:\/\/meditempus.duplotest.com\/web\/aviso-legal\/","og_site_name":"Meditempus","article_modified_time":"2025-09-23T11:53:45+00:00","og_image":[{"width":3000,"height":1005,"url":"https:\/\/meditempus.duplotest.com\/web\/wp-content\/uploads\/2025\/09\/Meditempus-07-e1758628420744.jpg","type":"image\/jpeg"}],"twitter_card":"summary_large_image","twitter_misc":{"Tiempo de lectura":"5 minutos"},"schema":{"@context":"https:\/\/schema.org","@graph":[{"@type":"WebPage","@id":"https:\/\/meditempus.duplotest.com\/web\/aviso-legal\/","url":"https:\/\/meditempus.duplotest.com\/web\/aviso-legal\/","name":"Aviso Legal - Meditempus","isPartOf":{"@id":"https:\/\/meditempus.duplotest.com\/web\/#website"},"primaryImageOfPage":{"@id":"https:\/\/meditempus.duplotest.com\/web\/aviso-legal\/#primaryimage"},"image":{"@id":"https:\/\/meditempus.duplotest.com\/web\/aviso-legal\/#primaryimage"},"thumbnailUrl":"https:\/\/meditempus.duplotest.com\/web\/wp-content\/uploads\/2025\/09\/Meditempus-07-e1758628420744.jpg","datePublished":"2025-04-07T14:11:27+00:00","dateModified":"2025-09-23T11:53:45+00:00","description":"Consulta nuestro Aviso Legal para conocer la informaci\u00f3n sobre titularidad, condiciones de uso y responsabilidades de la p\u00e1gina web.","breadcrumb":{"@id":"https:\/\/meditempus.duplotest.com\/web\/aviso-legal\/#breadcrumb"},"inLanguage":"es","potentialAction":[{"@type":"ReadAction","target":["https:\/\/meditempus.duplotest.com\/web\/aviso-legal\/"]}]},{"@type":"ImageObject","inLanguage":"es","@id":"https:\/\/meditempus.duplotest.com\/web\/aviso-legal\/#primaryimage","url":"https:\/\/meditempus.duplotest.com\/web\/wp-content\/uploads\/2025\/09\/Meditempus-07-e1758628420744.jpg","contentUrl":"https:\/\/meditempus.duplotest.com\/web\/wp-content\/uploads\/2025\/09\/Meditempus-07-e1758628420744.jpg","width":3000,"height":1005},{"@type":"BreadcrumbList","@id":"https:\/\/meditempus.duplotest.com\/web\/aviso-legal\/#breadcrumb","itemListElement":[{"@type":"ListItem","position":1,"name":"Home","item":"https:\/\/meditempus.duplotest.com\/web\/"},{"@type":"ListItem","position":2,"name":"Aviso Legal"}]},{"@type":"WebSite","@id":"https:\/\/meditempus.duplotest.com\/web\/#website","url":"https:\/\/meditempus.duplotest.com\/web\/","name":"Meditempus","description":"En Meditempus unimos personas, talento y futuro","potentialAction":[{"@type":"SearchAction","target":{"@type":"EntryPoint","urlTemplate":"https:\/\/meditempus.duplotest.com\/web\/?s={search_term_string}"},"query-input":{"@type":"PropertyValueSpecification","valueRequired":true,"valueName":"search_term_string"}}],"inLanguage":"es"}]}},"_links":{"self":[{"href":"https:\/\/meditempus.duplotest.com\/web\/wp-json\/wp\/v2\/pages\/8","targetHints":{"allow":["GET"]}}],"collection":[{"href":"https:\/\/meditempus.duplotest.com\/web\/wp-json\/wp\/v2\/pages"}],"about":[{"href":"https:\/\/meditempus.duplotest.com\/web\/wp-json\/wp\/v2\/types\/page"}],"author":[{"embeddable":true,"href":"https:\/\/meditempus.duplotest.com\/web\/wp-json\/wp\/v2\/users\/3"}],"replies":[{"embeddable":true,"href":"https:\/\/meditempus.duplotest.com\/web\/wp-json\/wp\/v2\/comments?post=8"}],"version-history":[{"count":3,"href":"https:\/\/meditempus.duplotest.com\/web\/wp-json\/wp\/v2\/pages\/8\/revisions"}],"predecessor-version":[{"id":13277,"href":"https:\/\/meditempus.duplotest.com\/web\/wp-json\/wp\/v2\/pages\/8\/revisions\/13277"}],"wp:featuredmedia":[{"embeddable":true,"href":"https:\/\/meditempus.duplotest.com\/web\/wp-json\/wp\/v2\/media\/361"}],"wp:attachment":[{"href":"https:\/\/meditempus.duplotest.com\/web\/wp-json\/wp\/v2\/media?parent=8"}],"curies":[{"name":"wp","href":"https:\/\/api.w.org\/{rel}","templated":true}]}}